{"id":627,"date":"2016-01-17T13:00:36","date_gmt":"2016-01-17T12:00:36","guid":{"rendered":"http:\/\/lizmieldskratochwil.de\/bildhauerin\/?page_id=627"},"modified":"2020-10-31T12:10:14","modified_gmt":"2020-10-31T11:10:14","slug":"impressum","status":"publish","type":"page","link":"http:\/\/lizmieldskratochwil.de\/bildhauerin\/impressum\/","title":{"rendered":"Impressum"},"content":{"rendered":"<div class=\"wpb-content-wrapper\">[vc_row][vc_column]<div class=\"shortcode-wrapper shortcode-title clearfix\"><h1 style=\"color:#98ce0e!important;border-color:#98ce0e\" class=\"\">Impressum<\/h1><\/div>[vc_empty_space height=&#8220;50px&#8220;][\/vc_column][\/vc_row][vc_row top_margin=&#8220;0&#8243; bottom_margin=&#8220;0&#8243;][vc_column][vc_column_text]<strong>INHALTLICH VERANTWORTLICH:<\/strong><\/p>\n<p>Liz Mields-Kratochwil<br \/>\nHaupstra\u00dfe 56 \u2022 13159 Berlin \/ Germany<\/p>\n<p>Email: felizhof@kuenstlerhof.com \u2022 Telefon: +49 30 913 12 21<\/p>\n<p><strong>URHEBERRECHT<\/strong><\/p>\n<p>Die auf lizmieldskratochwil.de ver\u00f6ffentlichten Inhalte und Werke unterliegen dem deutschen Urheberrecht. Jede Art der Vervielf\u00e4ltigung, Bearbeitung, Verbreitung und jede Art der Verwertung au\u00dferhalb der Grenzen des Urheberrechts bedarf meiner vorherigen schriftlichen Zustimmung bzw. des jeweiligen Urhebers\/Autors.<\/p>\n<p><strong>HAFTUNGSBESCHR\u00c4NKUNG F\u00dcR EIGENE INHALTE<\/strong><\/p>\n<p>Alle Inhalte meines Internetauftritts wurden mit Sorgfalt und nach bestem Gewissen erstellt. Eine Gew\u00e4hr f\u00fcr die Aktualit\u00e4t, Vollst\u00e4ndigkeit und Richtigkeit s\u00e4mtlicher Seiten kann jedoch nicht \u00fcbernommen werden. Gem\u00e4\u00df \u00a7 7 Abs. 1 TMG bin ich f\u00fcr eigene Inhalte auf diesen Seiten nach den allgemeinen Gesetzen verantwortlich, nach den \u00a7\u00a7 8 bis 10 TMG jedoch nicht verpflichtet, die \u00fcbermittelten oder gespeicherten fremden Informationen zu \u00fcberwachen. Eine umgehende Entfernung dieser Inhalte erfolgt ab dem Zeitpunkt der Kenntnis einer konkreten Rechtsverletzung und ich hafte nicht vor dem Zeitpunkt der Kenntniserlangung.<\/p>\n<p><strong>HAFTUNGSBESCHR\u00c4NKUNG F\u00dcR EXTERNE LINKS<\/strong><\/p>\n<p>Meine Webseite enth\u00e4lt sog. \u201cexterne Links\u201d (Verkn\u00fcpfungen zu Webseiten Dritter), auf deren Inhalt ich keinen Einfluss habe und f\u00fcr den ich aus diesem Grund keine Gew\u00e4hr \u00fcbernehme und mich davon distanziere. F\u00fcr die Inhalte und Richtigkeit der Informationen ist der jeweilige Informationsanbieter der verlinkten Webseite verantwortlich. Als die Verlinkung vorgenommen wurde, waren f\u00fcr mich keine Rechtsverst\u00f6\u00dfe erkennbar. Sollte mir eine Rechtsverletzung bekannt werden, wird der jeweilige Link umgehend entfernt.<\/p>\n<p><strong>DATENSCHUTZERKL\u00c4RUNG<\/strong><\/p>\n<p><strong>Wir respektieren Ihre Privatsph\u00e4re !<\/strong><\/p>\n<p>Der Zugriff auf unsere Homepage und der Abruf einer auf der Homepage hinterlegten Datei wird automatisch in Server-Log-Dateien protokolliert. Die Speicherung dient internen systembezogenen und statistischen Zwecken.<br \/>\nWeitergehende personenbezogene Daten werden nur erfasst, wenn Sie diese Angaben freiwillig, etwa im Rahmen einer Anfrage \u00fcber eine E-Mail (beispielsweise Name, Anschrift oder eMail-Adresse), machen. Ihre Daten werden von mir nicht an Dritte weitergegeben.<\/p>\n<p><strong>Respektieren Sie auch unsere Privatsph\u00e4re !<\/strong><\/p>\n<p>Wegen der Impressumspflicht werden meine Kontaktdaten ver\u00f6ffentlicht. Der Speicherung, Nutzung, Verarbeitung und\/oder \u00dcbermittlung meiner Daten zu Werbezwecken oder f\u00fcr die Markt- und Meinungsforschung widerspreche ich hiermit ausdr\u00fccklich. Ich behalte mir rechtliche Schritte bei Nichteinhaltung vor.<\/p>\n<p><em>Server-Log-Dateien<\/em><\/p>\n<p>In Server-Log-Dateien erhebt und speichert der Provider der Website automatisch Informationen, die Ihr Browser automatisch \u00fcbermittelt. Dies sind:<\/p>\n<p>Browsertyp und Browserversion<br \/>\nVerwendetes Betriebssystem<br \/>\nReferrer URL<br \/>\nHostname des zugreifenden Rechners<br \/>\nUhrzeit der Serveranfrage<br \/>\nIP-Adresse<br \/>\nEs findet keine Zusammenf\u00fchrung dieser Daten mit anderen Datenquellen statt. Grundlage der Datenverarbeitung bildet Art. 6 Abs. 1 lit. b DSGVO, der die Verarbeitung von Daten zur Erf\u00fcllung eines Vertrags oder vorvertraglicher Ma\u00dfnahmen gestattet.<\/p>\n<p><em>Kontaktformular<\/em><\/p>\n<p>Per Kontaktformular \u00fcbermittelte Daten werden einschlie\u00dflich Ihrer Kontaktdaten gespeichert, um Ihre Anfrage bearbeiten zu k\u00f6nnen oder um f\u00fcr Anschlussfragen bereitzustehen. <span style=\"color: #000000;\">Eine Weitergabe dieser Daten an Dritte findet nicht statt<\/span>.<\/p>\n<p>Die Verarbeitung der in das Kontaktformular eingegebenen Daten erfolgt ausschlie\u00dflich auf Grundlage Ihrer Einwilligung (Art. 6 Abs. 1 lit. a DSGVO). Ein Widerruf Ihrer bereits erteilten Einwilligung ist jederzeit m\u00f6glich. F\u00fcr den Widerruf gen\u00fcgt eine formlose Mitteilung per E-Mail. Die Rechtm\u00e4\u00dfigkeit der bis zum Widerruf erfolgten Datenverarbeitungsvorg\u00e4nge bleibt vom Widerruf unber\u00fchrt.<\/p>\n<p>\u00dcber das Kontaktformular \u00fcbermittelte Daten verbleiben bei mir, bis Sie mich zur L\u00f6schung auffordern, Ihre Einwilligung zur Speicherung widerrufen oder keine Notwendigkeit der Datenspeicherung mehr besteht. Zwingende gesetzliche Bestimmungen &#8211; insbesondere Aufbewahrungsfristen &#8211; bleiben unber\u00fchrt.<\/p>\n<p><em>Verwendung von Cookies\u00a0<\/em><\/p>\n<p>Cookies sind Textdateien, die der Browser beim Aufrufen einer Webseite auf dem Computer des Nutzers ablegt. Sie speichern Daten zum Besuch von Websites und erh\u00f6hen damit deren Sicherheit und Benutzerfreundlichkeit: Zum Beispiel merkt sich Ihr Browser Spracheinstellungen, die Sie dann nicht st\u00e4ndig aufs Neue eingeben m\u00fcssen.<\/p>\n<p>Wir verwenden ausschlie\u00dflich Cookies, welche allein f\u00fcr den technischen Betrieb und die Sicherheit der Website notwendig sind. Hierf\u00fcr ben\u00f6tigen wir keine Einwilligung, da diese nicht zu Werbezwecken oder zur Markforschung eingesetzt werden. Nach vorheriger Information (Banner) und der anschlie\u00dfenden Nutzung meiner Website, erkl\u00e4ren Sie sich damit einverstanden.<\/p>\n<p><em>Verwendung von Scriptbibliotheken (Google Webfonts)<\/em><\/p>\n<p>Um unsere Inhalte browser\u00fcbergreifend korrekt und grafisch ansprechend darzustellen, verwenden wir auf dieser Website Scriptbibliotheken und Schriftbibliotheken wie z. B. Google Webfonts (<em><a href=\"http:\/\/www.google.com\/webfonts\/\" target=\"_blank\" rel=\"noopener noreferrer\">https:\/\/www.google.com\/webfonts\/<\/a>)<\/em>. Google Webfonts werden zur Vermeidung mehrfachen Ladens in den Cache Ihres Browsers \u00fcbertragen. Falls der Browser die Google Webfonts nicht unterst\u00fctzt oder den Zugriff unterbindet, werden Inhalte in einer Standardschrift angezeigt.<\/p>\n<p>Der Aufruf von Scriptbibliotheken oder Schriftbibliotheken l\u00f6st automatisch eine Verbindung zum Betreiber der Bibliothek aus. Dabei ist es theoretisch m\u00f6glich \u2013 aktuell allerdings auch unklar ob und ggf. zu welchen Zwecken \u2013 dass Betreiber entsprechender Bibliotheken Daten erheben.<\/p>\n<p>Die Datenschutzrichtlinie des Bibliothekbetreibers Google finden Sie hier:\u00a0<em><a href=\"https:\/\/www.google.com\/policies\/privacy\/\" target=\"_blank\" rel=\"noopener noreferrer\">https:\/\/www.google.com\/policies\/privacy\/<\/a><\/em><\/p>\n<p><em>Verwendung von Google Maps<\/em><\/p>\n<p>Diese Webseite verwendet Google Maps API, um geographische Informationen visuell darzustellen. Bei der Nutzung von Google Maps werden von Google auch Daten \u00fcber die Nutzung der Kartenfunktionen durch Besucher erhoben, verarbeitet und genutzt. N\u00e4here Informationen \u00fcber die Datenverarbeitung durch Google k\u00f6nnen Sie den Google-Datenschutzhinweisen unter\u00a0<em><a href=\"http:\/\/www.google.com\/privacypolicy.html\" target=\"_blank\" rel=\"noopener noreferrer\">http:\/\/www.google.com\/privacypolicy.html<\/a>\u00a0<\/em>entnehmen. Dort k\u00f6nnen Sie im Datenschutzcenter auch Ihre pers\u00f6nlichen Datenschutz-Einstellungen ver\u00e4ndern.<\/p>\n<p>&nbsp;<\/p>\n<p><em>Allgemeiner Hinweis und Pflichtinformationen<\/em><\/p>\n<p>Die verantwortliche Stelle entscheidet allein oder gemeinsam mit anderen \u00fcber die Zwecke und Mittel der Verarbeitung von personenbezogenen Daten (z.B. Namen, Kontaktdaten o. \u00c4.).<\/p>\n<p><em>Widerruf Ihrer Einwilligung zur Datenverarbeitung<\/em><\/p>\n<p>Nur mit Ihrer ausdr\u00fccklichen Einwilligung sind einige Vorg\u00e4nge der Datenverarbeitung m\u00f6glich. Ein Widerruf Ihrer bereits erteilten Einwilligung ist jederzeit m\u00f6glich. F\u00fcr den Widerruf gen\u00fcgt eine formlose Mitteilung per E-Mail. Die Rechtm\u00e4\u00dfigkeit der bis zum Widerruf erfolgten Datenverarbeitung bleibt vom Widerruf unber\u00fchrt.<\/p>\n<p><em>Recht auf Beschwerde bei der zust\u00e4ndigen Aufsichtsbeh\u00f6rde<\/em><\/p>\n<p>Als Betroffener steht Ihnen im Falle eines datenschutzrechtlichen Versto\u00dfes ein Beschwerderecht bei der zust\u00e4ndigen Aufsichtsbeh\u00f6rde zu. Zust\u00e4ndige Aufsichtsbeh\u00f6rde bez\u00fcglich datenschutzrechtlicher Fragen ist der Landesdatenschutzbeauftragte des Bundeslandes, in dem sich der Sitz unseres Unternehmens befindet. Der folgende Link stellt eine Liste der Datenschutzbeauftragten sowie deren Kontaktdaten bereit: https:\/\/www.bfdi.bund.de\/DE\/Infothek\/Anschriften_Links\/anschriften_links-node.html.<\/p>\n<p><em>Recht auf Daten\u00fcbertragbarkeit<\/em><\/p>\n<p>Ihnen steht das Recht zu, Daten, die ich auf Grundlage Ihrer Einwilligung oder in Erf\u00fcllung eines Vertrags automatisiert verarbeiten, an sich oder an Dritte aush\u00e4ndigen zu lassen. Die Bereitstellung erfolgt in einem maschinenlesbaren Format. Sofern Sie die direkte \u00dcbertragung der Daten an einen anderen Verantwortlichen verlangen, erfolgt dies nur, soweit es technisch machbar ist.<\/p>\n<p><em>Recht auf Auskunft, Berichtigung, Sperrung, L\u00f6schung<\/em><\/p>\n<p>Sie haben jederzeit im Rahmen der geltenden gesetzlichen Bestimmungen das Recht auf unentgeltliche Auskunft \u00fcber Ihre gespeicherten personenbezogenen Daten, Herkunft der Daten, deren Empf\u00e4nger und den Zweck der Datenverarbeitung und ggf. ein Recht auf Berichtigung, Sperrung oder L\u00f6schung dieser Daten. Diesbez\u00fcglich und auch zu weiteren Fragen zum Thema personenbezogene Daten k\u00f6nnen Sie sich jederzeit \u00fcber die im Impressum aufgef\u00fchrten Kontaktm\u00f6glichkeiten an mich wenden.[\/vc_column_text][vc_column_text]<strong>INHALTLICH VERANTWORTLICH:<\/strong><\/p>\n<p>Liz Mields-Kratochwil<br \/>\nHaupstra\u00dfe 56 \u2022 13159 Berlin \/ Germany<\/p>\n<p>Email: felizhof@kuenstlerhof.com \u2022 Telefon: +49 30 913 12 21<\/p>\n<p><strong>URHEBERRECHT<\/strong><\/p>\n<p>Die auf lizmieldskratochwil.de ver\u00f6ffentlichten Inhalte und Werke unterliegen dem deutschen Urheberrecht. Jede Art der Vervielf\u00e4ltigung, Bearbeitung, Verbreitung und jede Art der Verwertung au\u00dferhalb der Grenzen des Urheberrechts bedarf meiner vorherigen schriftlichen Zustimmung bzw. des jeweiligen Urhebers\/Autors.<\/p>\n<p><strong>HAFTUNGSBESCHR\u00c4NKUNG F\u00dcR EIGENE INHALTE<\/strong><\/p>\n<p>Alle Inhalte meines Internetauftritts wurden mit Sorgfalt und nach bestem Gewissen erstellt. Eine Gew\u00e4hr f\u00fcr die Aktualit\u00e4t, Vollst\u00e4ndigkeit und Richtigkeit s\u00e4mtlicher Seiten kann jedoch nicht \u00fcbernommen werden. Gem\u00e4\u00df \u00a7 7 Abs. 1 TMG bin ich f\u00fcr eigene Inhalte auf diesen Seiten nach den allgemeinen Gesetzen verantwortlich, nach den \u00a7\u00a7 8 bis 10 TMG jedoch nicht verpflichtet, die \u00fcbermittelten oder gespeicherten fremden Informationen zu \u00fcberwachen. Eine umgehende Entfernung dieser Inhalte erfolgt ab dem Zeitpunkt der Kenntnis einer konkreten Rechtsverletzung und ich hafte nicht vor dem Zeitpunkt der Kenntniserlangung.<\/p>\n<p><strong>HAFTUNGSBESCHR\u00c4NKUNG F\u00dcR EXTERNE LINKS<\/strong><\/p>\n<p>Meine Webseite enth\u00e4lt sog. \u201cexterne Links\u201d (Verkn\u00fcpfungen zu Webseiten Dritter), auf deren Inhalt ich keinen Einfluss habe und f\u00fcr den ich aus diesem Grund keine Gew\u00e4hr \u00fcbernehme und mich davon distanziere. F\u00fcr die Inhalte und Richtigkeit der Informationen ist der jeweilige Informationsanbieter der verlinkten Webseite verantwortlich. Als die Verlinkung vorgenommen wurde, waren f\u00fcr mich keine Rechtsverst\u00f6\u00dfe erkennbar. Sollte mir eine Rechtsverletzung bekannt werden, wird der jeweilige Link umgehend entfernt.<\/p>\n<p><strong>DATENSCHUTZERKL\u00c4RUNG<\/strong><\/p>\n<p><strong>Wir respektieren Ihre Privatsph\u00e4re !<\/strong><\/p>\n<p>Der Zugriff auf unsere Homepage und der Abruf einer auf der Homepage hinterlegten Datei wird automatisch in Server-Log-Dateien protokolliert. Die Speicherung dient internen systembezogenen und statistischen Zwecken.<br \/>\nWeitergehende personenbezogene Daten werden nur erfasst, wenn Sie diese Angaben freiwillig, etwa im Rahmen einer Anfrage \u00fcber eine E-Mail (beispielsweise Name, Anschrift oder eMail-Adresse), machen. Ihre Daten werden von mir nicht an Dritte weitergegeben.<\/p>\n<p><strong>Respektieren Sie auch unsere Privatsph\u00e4re !<\/strong><\/p>\n<p>Wegen der Impressumspflicht werden meine Kontaktdaten ver\u00f6ffentlicht. Der Speicherung, Nutzung, Verarbeitung und\/oder \u00dcbermittlung meiner Daten zu Werbezwecken oder f\u00fcr die Markt- und Meinungsforschung widerspreche ich hiermit ausdr\u00fccklich. Ich behalte mir rechtliche Schritte bei Nichteinhaltung vor.<\/p>\n<p><em>Server-Log-Dateien<\/em><\/p>\n<p>In Server-Log-Dateien erhebt und speichert der Provider der Website automatisch Informationen, die Ihr Browser automatisch \u00fcbermittelt. Dies sind:<\/p>\n<p>Browsertyp und Browserversion<br \/>\nVerwendetes Betriebssystem<br \/>\nReferrer URL<br \/>\nHostname des zugreifenden Rechners<br \/>\nUhrzeit der Serveranfrage<br \/>\nIP-Adresse<br \/>\nEs findet keine Zusammenf\u00fchrung dieser Daten mit anderen Datenquellen statt. Grundlage der Datenverarbeitung bildet Art. 6 Abs. 1 lit. b DSGVO, der die Verarbeitung von Daten zur Erf\u00fcllung eines Vertrags oder vorvertraglicher Ma\u00dfnahmen gestattet.<\/p>\n<p><em>Kontaktformular<\/em><\/p>\n<p>Per Kontaktformular \u00fcbermittelte Daten werden einschlie\u00dflich Ihrer Kontaktdaten gespeichert, um Ihre Anfrage bearbeiten zu k\u00f6nnen oder um f\u00fcr Anschlussfragen bereitzustehen. <span style=\"color: #000000;\">Eine Weitergabe dieser Daten an Dritte findet nicht statt<\/span>.<\/p>\n<p>Die Verarbeitung der in das Kontaktformular eingegebenen Daten erfolgt ausschlie\u00dflich auf Grundlage Ihrer Einwilligung (Art. 6 Abs. 1 lit. a DSGVO). Ein Widerruf Ihrer bereits erteilten Einwilligung ist jederzeit m\u00f6glich. F\u00fcr den Widerruf gen\u00fcgt eine formlose Mitteilung per E-Mail. Die Rechtm\u00e4\u00dfigkeit der bis zum Widerruf erfolgten Datenverarbeitungsvorg\u00e4nge bleibt vom Widerruf unber\u00fchrt.<\/p>\n<p>\u00dcber das Kontaktformular \u00fcbermittelte Daten verbleiben bei mir, bis Sie mich zur L\u00f6schung auffordern, Ihre Einwilligung zur Speicherung widerrufen oder keine Notwendigkeit der Datenspeicherung mehr besteht. Zwingende gesetzliche Bestimmungen &#8211; insbesondere Aufbewahrungsfristen &#8211; bleiben unber\u00fchrt.<\/p>\n<p><em>Verwendung von Scriptbibliotheken (Google Webfonts)<\/em><\/p>\n<p>Um unsere Inhalte browser\u00fcbergreifend korrekt und grafisch ansprechend darzustellen, verwenden wir auf dieser Website Scriptbibliotheken und Schriftbibliotheken wie z. B. Google Webfonts (<em><a href=\"http:\/\/www.google.com\/webfonts\/\" target=\"_blank\" rel=\"noopener noreferrer\">https:\/\/www.google.com\/webfonts\/<\/a>)<\/em>. Google Webfonts werden zur Vermeidung mehrfachen Ladens in den Cache Ihres Browsers \u00fcbertragen. Falls der Browser die Google Webfonts nicht unterst\u00fctzt oder den Zugriff unterbindet, werden Inhalte in einer Standardschrift angezeigt.<\/p>\n<p>Der Aufruf von Scriptbibliotheken oder Schriftbibliotheken l\u00f6st automatisch eine Verbindung zum Betreiber der Bibliothek aus. Dabei ist es theoretisch m\u00f6glich \u2013 aktuell allerdings auch unklar ob und ggf. zu welchen Zwecken \u2013 dass Betreiber entsprechender Bibliotheken Daten erheben.<\/p>\n<p>Die Datenschutzrichtlinie des Bibliothekbetreibers Google finden Sie hier:\u00a0<em><a href=\"https:\/\/www.google.com\/policies\/privacy\/\" target=\"_blank\" rel=\"noopener noreferrer\">https:\/\/www.google.com\/policies\/privacy\/<\/a><\/em><\/p>\n<p><em>Verwendung von Google Maps<\/em><\/p>\n<p>Diese Webseite verwendet Google Maps API, um geographische Informationen visuell darzustellen. Bei der Nutzung von Google Maps werden von Google auch Daten \u00fcber die Nutzung der Kartenfunktionen durch Besucher erhoben, verarbeitet und genutzt. N\u00e4here Informationen \u00fcber die Datenverarbeitung durch Google k\u00f6nnen Sie den Google-Datenschutzhinweisen unter\u00a0<em><a href=\"http:\/\/www.google.com\/privacypolicy.html\" target=\"_blank\" rel=\"noopener noreferrer\">http:\/\/www.google.com\/privacypolicy.html<\/a>\u00a0<\/em>entnehmen. Dort k\u00f6nnen Sie im Datenschutzcenter auch Ihre pers\u00f6nlichen Datenschutz-Einstellungen ver\u00e4ndern.<\/p>\n<p>&nbsp;<\/p>\n<p><em>Allgemeiner Hinweis und Pflichtinformationen<\/em><\/p>\n<p>Die verantwortliche Stelle entscheidet allein oder gemeinsam mit anderen \u00fcber die Zwecke und Mittel der Verarbeitung von personenbezogenen Daten (z.B. Namen, Kontaktdaten o. \u00c4.).<\/p>\n<p><em>Widerruf Ihrer Einwilligung zur Datenverarbeitung<\/em><\/p>\n<p>Nur mit Ihrer ausdr\u00fccklichen Einwilligung sind einige Vorg\u00e4nge der Datenverarbeitung m\u00f6glich. Ein Widerruf Ihrer bereits erteilten Einwilligung ist jederzeit m\u00f6glich. F\u00fcr den Widerruf gen\u00fcgt eine formlose Mitteilung per E-Mail. Die Rechtm\u00e4\u00dfigkeit der bis zum Widerruf erfolgten Datenverarbeitung bleibt vom Widerruf unber\u00fchrt.<\/p>\n<p><em>Recht auf Beschwerde bei der zust\u00e4ndigen Aufsichtsbeh\u00f6rde<\/em><\/p>\n<p>Als Betroffener steht Ihnen im Falle eines datenschutzrechtlichen Versto\u00dfes ein Beschwerderecht bei der zust\u00e4ndigen Aufsichtsbeh\u00f6rde zu. Zust\u00e4ndige Aufsichtsbeh\u00f6rde bez\u00fcglich datenschutzrechtlicher Fragen ist der Landesdatenschutzbeauftragte des Bundeslandes, in dem sich der Sitz unseres Unternehmens befindet. Der folgende Link stellt eine Liste der Datenschutzbeauftragten sowie deren Kontaktdaten bereit: https:\/\/www.bfdi.bund.de\/DE\/Infothek\/Anschriften_Links\/anschriften_links-node.html.<\/p>\n<p><em>Recht auf Daten\u00fcbertragbarkeit<\/em><\/p>\n<p>Ihnen steht das Recht zu, Daten, die ich auf Grundlage Ihrer Einwilligung oder in Erf\u00fcllung eines Vertrags automatisiert verarbeiten, an sich oder an Dritte aush\u00e4ndigen zu lassen. Die Bereitstellung erfolgt in einem maschinenlesbaren Format. Sofern Sie die direkte \u00dcbertragung der Daten an einen anderen Verantwortlichen verlangen, erfolgt dies nur, soweit es technisch machbar ist.<\/p>\n<p><em>Recht auf Auskunft, Berichtigung, Sperrung, L\u00f6schung<\/em><\/p>\n<p>Sie haben jederzeit im Rahmen der geltenden gesetzlichen Bestimmungen das Recht auf unentgeltliche Auskunft \u00fcber Ihre gespeicherten personenbezogenen Daten, Herkunft der Daten, deren Empf\u00e4nger und den Zweck der Datenverarbeitung und ggf. ein Recht auf Berichtigung, Sperrung oder L\u00f6schung dieser Daten. Diesbez\u00fcglich und auch zu weiteren Fragen zum Thema personenbezogene Daten k\u00f6nnen Sie sich jederzeit \u00fcber die im Impressum aufgef\u00fchrten Kontaktm\u00f6glichkeiten an mich wenden.[\/vc_column_text][\/vc_column][\/vc_row][vc_row][vc_column][\/vc_column][\/vc_row][vc_row][vc_column][vc_column_text][\/vc_column_text][\/vc_column][\/vc_row]\n<\/div>","protected":false},"excerpt":{"rendered":"<p>[vc_row][vc_column][vc_empty_space height=&#8220;50px&#8220;][\/vc_column][\/vc_row][vc_row top_margin=&#8220;0&#8243; bottom_margin=&#8220;0&#8243;][vc_column][vc_column_text]INHALTLICH VERANTWORTLICH: Liz Mields-Kratochwil Haupstra\u00dfe 56 \u2022 13159 Berlin \/ Germany Email: felizhof@kuenstlerhof.com \u2022 Telefon: +49 30 [&hellip;]<\/p>\n","protected":false},"author":1,"featured_media":0,"parent":0,"menu_order":0,"comment_status":"closed","ping_status":"closed","template":"","meta":{"footnotes":""},"class_list":["post-627","page","type-page","status-publish","hentry"],"_links":{"self":[{"href":"http:\/\/lizmieldskratochwil.de\/bildhauerin\/wp-json\/wp\/v2\/pages\/627","targetHints":{"allow":["GET"]}}],"collection":[{"href":"http:\/\/lizmieldskratochwil.de\/bildhauerin\/wp-json\/wp\/v2\/pages"}],"about":[{"href":"http:\/\/lizmieldskratochwil.de\/bildhauerin\/wp-json\/wp\/v2\/types\/page"}],"author":[{"embeddable":true,"href":"http:\/\/lizmieldskratochwil.de\/bildhauerin\/wp-json\/wp\/v2\/users\/1"}],"replies":[{"embeddable":true,"href":"http:\/\/lizmieldskratochwil.de\/bildhauerin\/wp-json\/wp\/v2\/comments?post=627"}],"version-history":[{"count":10,"href":"http:\/\/lizmieldskratochwil.de\/bildhauerin\/wp-json\/wp\/v2\/pages\/627\/revisions"}],"predecessor-version":[{"id":908,"href":"http:\/\/lizmieldskratochwil.de\/bildhauerin\/wp-json\/wp\/v2\/pages\/627\/revisions\/908"}],"wp:attachment":[{"href":"http:\/\/lizmieldskratochwil.de\/bildhauerin\/wp-json\/wp\/v2\/media?parent=627"}],"curies":[{"name":"wp","href":"https:\/\/api.w.org\/{rel}","templated":true}]}}